{"id":3285,"date":"2023-08-21T10:23:25","date_gmt":"2023-08-21T10:23:25","guid":{"rendered":"https:\/\/naylawp.pethemes.com\/?page_id=3285"},"modified":"2025-01-08T14:45:25","modified_gmt":"2025-01-08T13:45:25","slug":"contact","status":"publish","type":"page","link":"https:\/\/lestudiosb.com\/index.php\/contact\/","title":{"rendered":"Contact"},"content":{"rendered":"\t\t<div data-elementor-type=\"wp-page\" data-elementor-id=\"3285\" class=\"elementor elementor-3285\">\n\t\t\t\t\t\t<section class=\"elementor-section elementor-top-section elementor-element elementor-element-4dd1604 wrapper-fuller elementor-section-full_width section-normal elementor-section-height-default elementor-section-height-default default\" data-id=\"4dd1604\" data-element_type=\"section\">\n\t\t\t\t\t\t<div class=\"elementor-container elementor-column-gap-default\">\n\t\t\t\t\t<div class=\"elementor-column elementor-col-100 elementor-top-column elementor-element elementor-element-39c1b8b\" data-id=\"39c1b8b\" data-element_type=\"column\">\n\t\t\t<div class=\"elementor-widget-wrap elementor-element-populated\">\n\t\t\t\t\t\t<section class=\"elementor-section elementor-inner-section elementor-element elementor-element-763f1c0 wrapper-fuller elementor-section-full_width section-normal elementor-section-height-default elementor-section-height-default default\" data-id=\"763f1c0\" data-element_type=\"section\">\n\t\t\t\t\t\t<div class=\"elementor-container elementor-column-gap-default\">\n\t\t\t\t\t<div class=\"elementor-column elementor-col-100 elementor-inner-column elementor-element elementor-element-00594c9\" data-id=\"00594c9\" data-element_type=\"column\">\n\t\t\t<div class=\"elementor-widget-wrap elementor-element-populated\">\n\t\t\t\t\t\t<div class=\"elementor-element elementor-element-f369190 elementor-widget elementor-widget-naylatextwrapper\" data-id=\"f369190\" data-element_type=\"widget\" data-widget_type=\"naylatextwrapper.default\">\n\t\t\t\t<div class=\"elementor-widget-container\">\n\t\t\t\n\n\n<div class=\"text-wrapper no-margin \">\n\n    <p class=\"has-anim-text charsUp  text-h2  false\" data-stagger=\"0.01\" data-duration=\"1.5\"data-delay=\"0\"data-scrub=\"false\" data-pin=\"false\"> CONTACT<\/p>\n\n\n<\/div>\n\n\n\t\t<\/div>\n\t\t\t\t<\/div>\n\t\t\t\t\t<\/div>\n\t\t<\/div>\n\t\t\t\t\t<\/div>\n\t\t<\/section>\n\t\t\t\t<div class=\"elementor-element elementor-element-fe9bbe1 elementor-widget-divider--view-line elementor-widget elementor-widget-divider\" data-id=\"fe9bbe1\" data-element_type=\"widget\" data-widget_type=\"divider.default\">\n\t\t\t\t<div class=\"elementor-widget-container\">\n\t\t\t<style>\/*! elementor - v3.22.0 - 26-06-2024 *\/\n.elementor-widget-divider{--divider-border-style:none;--divider-border-width:1px;--divider-color:#0c0d0e;--divider-icon-size:20px;--divider-element-spacing:10px;--divider-pattern-height:24px;--divider-pattern-size:20px;--divider-pattern-url:none;--divider-pattern-repeat:repeat-x}.elementor-widget-divider .elementor-divider{display:flex}.elementor-widget-divider .elementor-divider__text{font-size:15px;line-height:1;max-width:95%}.elementor-widget-divider .elementor-divider__element{margin:0 var(--divider-element-spacing);flex-shrink:0}.elementor-widget-divider .elementor-icon{font-size:var(--divider-icon-size)}.elementor-widget-divider .elementor-divider-separator{display:flex;margin:0;direction:ltr}.elementor-widget-divider--view-line_icon .elementor-divider-separator,.elementor-widget-divider--view-line_text .elementor-divider-separator{align-items:center}.elementor-widget-divider--view-line_icon .elementor-divider-separator:after,.elementor-widget-divider--view-line_icon .elementor-divider-separator:before,.elementor-widget-divider--view-line_text .elementor-divider-separator:after,.elementor-widget-divider--view-line_text .elementor-divider-separator:before{display:block;content:\"\";border-block-end:0;flex-grow:1;border-block-start:var(--divider-border-width) var(--divider-border-style) var(--divider-color)}.elementor-widget-divider--element-align-left .elementor-divider .elementor-divider-separator>.elementor-divider__svg:first-of-type{flex-grow:0;flex-shrink:100}.elementor-widget-divider--element-align-left .elementor-divider-separator:before{content:none}.elementor-widget-divider--element-align-left .elementor-divider__element{margin-left:0}.elementor-widget-divider--element-align-right .elementor-divider .elementor-divider-separator>.elementor-divider__svg:last-of-type{flex-grow:0;flex-shrink:100}.elementor-widget-divider--element-align-right .elementor-divider-separator:after{content:none}.elementor-widget-divider--element-align-right .elementor-divider__element{margin-right:0}.elementor-widget-divider--element-align-start .elementor-divider .elementor-divider-separator>.elementor-divider__svg:first-of-type{flex-grow:0;flex-shrink:100}.elementor-widget-divider--element-align-start .elementor-divider-separator:before{content:none}.elementor-widget-divider--element-align-start .elementor-divider__element{margin-inline-start:0}.elementor-widget-divider--element-align-end .elementor-divider .elementor-divider-separator>.elementor-divider__svg:last-of-type{flex-grow:0;flex-shrink:100}.elementor-widget-divider--element-align-end .elementor-divider-separator:after{content:none}.elementor-widget-divider--element-align-end .elementor-divider__element{margin-inline-end:0}.elementor-widget-divider:not(.elementor-widget-divider--view-line_text):not(.elementor-widget-divider--view-line_icon) .elementor-divider-separator{border-block-start:var(--divider-border-width) var(--divider-border-style) var(--divider-color)}.elementor-widget-divider--separator-type-pattern{--divider-border-style:none}.elementor-widget-divider--separator-type-pattern.elementor-widget-divider--view-line .elementor-divider-separator,.elementor-widget-divider--separator-type-pattern:not(.elementor-widget-divider--view-line) .elementor-divider-separator:after,.elementor-widget-divider--separator-type-pattern:not(.elementor-widget-divider--view-line) .elementor-divider-separator:before,.elementor-widget-divider--separator-type-pattern:not([class*=elementor-widget-divider--view]) .elementor-divider-separator{width:100%;min-height:var(--divider-pattern-height);-webkit-mask-size:var(--divider-pattern-size) 100%;mask-size:var(--divider-pattern-size) 100%;-webkit-mask-repeat:var(--divider-pattern-repeat);mask-repeat:var(--divider-pattern-repeat);background-color:var(--divider-color);-webkit-mask-image:var(--divider-pattern-url);mask-image:var(--divider-pattern-url)}.elementor-widget-divider--no-spacing{--divider-pattern-size:auto}.elementor-widget-divider--bg-round{--divider-pattern-repeat:round}.rtl .elementor-widget-divider .elementor-divider__text{direction:rtl}.e-con-inner>.elementor-widget-divider,.e-con>.elementor-widget-divider{width:var(--container-widget-width,100%);--flex-grow:var(--container-widget-flex-grow)}<\/style>\t\t<div class=\"elementor-divider\">\n\t\t\t<span class=\"elementor-divider-separator\">\n\t\t\t\t\t\t<\/span>\n\t\t<\/div>\n\t\t\t\t<\/div>\n\t\t\t\t<\/div>\n\t\t\t\t<section class=\"elementor-section elementor-inner-section elementor-element elementor-element-a62c851 wrapper-fuller section-normal elementor-section-boxed elementor-section-height-default elementor-section-height-default default\" data-id=\"a62c851\" data-element_type=\"section\">\n\t\t\t\t\t\t<div class=\"elementor-container elementor-column-gap-default\">\n\t\t\t\t\t<div class=\"elementor-column elementor-col-50 elementor-inner-column elementor-element elementor-element-128e328\" data-id=\"128e328\" data-element_type=\"column\">\n\t\t\t<div class=\"elementor-widget-wrap elementor-element-populated\">\n\t\t\t\t\t\t<div class=\"elementor-element elementor-element-8a67407 elementor-widget elementor-widget-naylatextwrapper\" data-id=\"8a67407\" data-element_type=\"widget\" data-widget_type=\"naylatextwrapper.default\">\n\t\t\t\t<div class=\"elementor-widget-container\">\n\t\t\t\n\n\n<div class=\"text-wrapper  \">\n\n    <p class=\"  text-h4  false\" data-stagger=\"0.1\" data-duration=\"1.5\"data-delay=\"0\"data-scrub=\"false\" data-pin=\"false\"> contact@lestudiosb.com<\/p>\n\n\n<\/div>\n\n\n\t\t<\/div>\n\t\t\t\t<\/div>\n\t\t\t\t<div class=\"elementor-element elementor-element-54cb954 elementor-widget elementor-widget-naylatextwrapper\" data-id=\"54cb954\" data-element_type=\"widget\" data-widget_type=\"naylatextwrapper.default\">\n\t\t\t\t<div class=\"elementor-widget-container\">\n\t\t\t\n\n\n<div class=\"text-wrapper  \">\n\n    <p class=\"  text-h4  false\" data-stagger=\"0.1\" data-duration=\"1.5\"data-delay=\"0\"data-scrub=\"false\" data-pin=\"false\"> +33 1 58 60 20 80<\/p>\n\n\n<\/div>\n\n\n\t\t<\/div>\n\t\t\t\t<\/div>\n\t\t\t\t<div class=\"elementor-element elementor-element-13495c1 elementor-widget elementor-widget-naylatextwrapper\" data-id=\"13495c1\" data-element_type=\"widget\" data-widget_type=\"naylatextwrapper.default\">\n\t\t\t\t<div class=\"elementor-widget-container\">\n\t\t\t\n\n\n<div class=\"text-wrapper  \">\n\n    <p class=\"has-anim-text wordsUp  text-h6  false\" data-stagger=\"0.03\" data-duration=\"1.5\"data-delay=\"0\"data-scrub=\"false\" data-pin=\"false\"> <a href=\"#.\">Paris<\/a>\n<br>\n<br>\n2 rue des Couronnes, 75020 Paris<\/p>\n\n\n<\/div>\n\n\n\t\t<\/div>\n\t\t\t\t<\/div>\n\t\t\t\t<div class=\"elementor-element elementor-element-9127aff elementor-widget elementor-widget-naylatextwrapper\" data-id=\"9127aff\" data-element_type=\"widget\" data-widget_type=\"naylatextwrapper.default\">\n\t\t\t\t<div class=\"elementor-widget-container\">\n\t\t\t\n\n\n<div class=\"text-wrapper  \">\n\n    <p class=\"has-anim-text wordsUp  text-h6  false\" data-stagger=\"0.03\" data-duration=\"1.5\"data-delay=\"0\"data-scrub=\"false\" data-pin=\"false\"> <a href=\"#.\">Nantes<\/a>\n<br>\n<br>\n32 rue de Strasbourg, 44000 Nantes<\/p>\n\n\n<\/div>\n\n\n\t\t<\/div>\n\t\t\t\t<\/div>\n\t\t\t\t\t<\/div>\n\t\t<\/div>\n\t\t\t\t<div class=\"elementor-column elementor-col-50 elementor-inner-column elementor-element elementor-element-7b2619c\" data-id=\"7b2619c\" data-element_type=\"column\">\n\t\t\t<div class=\"elementor-widget-wrap elementor-element-populated\">\n\t\t\t\t\t\t<div class=\"elementor-element elementor-element-2f67ee3 elementor-widget elementor-widget-naylatextwrapper\" data-id=\"2f67ee3\" data-element_type=\"widget\" data-widget_type=\"naylatextwrapper.default\">\n\t\t\t\t<div class=\"elementor-widget-container\">\n\t\t\t\n\n\n<div class=\"text-wrapper  \">\n\n    <p class=\"  text-p  false\" data-stagger=\"0.1\" data-duration=\"1.5\"data-delay=\"0\"data-scrub=\"false\" data-pin=\"false\"> Pour une candidature ou pour un sujet presse, veuillez remplir notre formulaire de contact ci-dessous. <\/p>\n\n\n<\/div>\n\n\n\t\t<\/div>\n\t\t\t\t<\/div>\n\t\t\t\t<div class=\"elementor-element elementor-element-9e8b981 elementor-widget elementor-widget-shortcode\" data-id=\"9e8b981\" data-element_type=\"widget\" data-widget_type=\"shortcode.default\">\n\t\t\t\t<div class=\"elementor-widget-container\">\n\t\t\t\t\t<div class=\"elementor-shortcode\">\n<div class=\"wpcf7 no-js\" id=\"wpcf7-f3284-o1\" lang=\"en-US\" dir=\"ltr\" data-wpcf7-id=\"3284\">\n<div class=\"screen-reader-response\"><p role=\"status\" aria-live=\"polite\" aria-atomic=\"true\"><\/p> <ul><\/ul><\/div>\n<form action=\"\/index.php\/wp-json\/wp\/v2\/pages\/3285#wpcf7-f3284-o1\" method=\"post\" class=\"wpcf7-form init\" aria-label=\"Contact form\" enctype=\"multipart\/form-data\" novalidate=\"novalidate\" data-status=\"init\">\n<div style=\"display: none;\">\n<input type=\"hidden\" name=\"_wpcf7\" value=\"3284\" \/>\n<input type=\"hidden\" name=\"_wpcf7_version\" value=\"6.0.2\" \/>\n<input type=\"hidden\" name=\"_wpcf7_locale\" value=\"en_US\" \/>\n<input type=\"hidden\" name=\"_wpcf7_unit_tag\" value=\"wpcf7-f3284-o1\" \/>\n<input type=\"hidden\" name=\"_wpcf7_container_post\" value=\"0\" \/>\n<input type=\"hidden\" name=\"_wpcf7_posted_data_hash\" value=\"\" \/>\n<\/div>\n<!-- Form Field -->\n<div class=\"field-wrap text-h6\">\n\t<p><label><br \/>\nNom de l'entreprise<br \/>\n<\/label><br \/>\n<span class=\"wpcf7-form-control-wrap\" data-name=\"company\"><input size=\"40\" maxlength=\"400\" class=\"wpcf7-form-control wpcf7-text wpcf7-validates-as-required\" autocomplete=\"off\" aria-required=\"true\" aria-invalid=\"false\" value=\"\" type=\"text\" name=\"company\" \/><\/span>\n\t<\/p>\n<\/div>\n <!--\/ Form Field -->\n\n <!-- Form Field -->\n<div class=\"field-wrap text-h6\">\n\t<p><label><br \/>\nVotre nom<br \/>\n<\/label><br \/>\n<span class=\"wpcf7-form-control-wrap\" data-name=\"your-name\"><input size=\"40\" maxlength=\"400\" class=\"wpcf7-form-control wpcf7-text wpcf7-validates-as-required\" autocomplete=\"name\" aria-required=\"true\" aria-invalid=\"false\" value=\"\" type=\"text\" name=\"your-name\" \/><\/span>\n\t<\/p>\n<\/div>\n <!--\/ Form Field -->\n\n <!-- Form Field -->\n<div class=\"field-wrap text-h6\">\n\t<p><label><br \/>\nNum\u00e9ro de t\u00e9l\u00e9phone<br \/>\n<\/label><br \/>\n<span class=\"wpcf7-form-control-wrap\" data-name=\"tel\"><input size=\"40\" maxlength=\"400\" class=\"wpcf7-form-control wpcf7-tel wpcf7-validates-as-required wpcf7-text wpcf7-validates-as-tel\" autocomplete=\"off\" aria-required=\"true\" aria-invalid=\"false\" value=\"\" type=\"tel\" name=\"tel\" \/><\/span>\n\t<\/p>\n<\/div>\n <!--\/ Form Field-->\n\n <!-- Form Field -->\n<div class=\"field-wrap text-h6\">\n\t<p><label><br \/>\nAdresse e-mail<br \/>\n<\/label><br \/>\n<span class=\"wpcf7-form-control-wrap\" data-name=\"your-email\"><input size=\"40\" maxlength=\"400\" class=\"wpcf7-form-control wpcf7-email wpcf7-validates-as-required wpcf7-text wpcf7-validates-as-email\" autocomplete=\"email\" aria-required=\"true\" aria-invalid=\"false\" value=\"\" type=\"email\" name=\"your-email\" \/><\/span>\n\t<\/p>\n<\/div>\n <!--\/ Form Field-->\n\n <!-- Form Field -->\n<div class=\"field-wrap text-h6\">\n\t<p><label><br \/>\nObjet<br \/>\n<\/label><br \/>\n<span class=\"wpcf7-form-control-wrap\" data-name=\"your-subject\"><input size=\"40\" maxlength=\"400\" class=\"wpcf7-form-control wpcf7-text wpcf7-validates-as-required\" autocomplete=\"off\" aria-required=\"true\" aria-invalid=\"false\" value=\"\" type=\"text\" name=\"your-subject\" \/><\/span>\n\t<\/p>\n<\/div>\n <!--\/ Form Field -->\n\n <!-- Form Field (Textarea)-->\n<div class=\"message-wrap text-h6\">\n\t<p><label><br \/>\nVotre message<br \/>\n<\/label><br \/>\n<span class=\"wpcf7-form-control-wrap\" data-name=\"your-message\"><textarea cols=\"40\" rows=\"10\" maxlength=\"2000\" class=\"wpcf7-form-control wpcf7-textarea wpcf7-validates-as-required\" aria-required=\"true\" aria-invalid=\"false\" name=\"your-message\"><\/textarea><\/span>\n\t<\/p>\n<\/div>\n <!--\/ Form Field (Textarea)-->\n\n<!-- Button -->\n<div class=\"send-wrap\">\n\t<p><span class=\"wpcf7-form-control-wrap\" data-name=\"file-54\"><input size=\"40\" class=\"wpcf7-form-control wpcf7-file\" accept=\".pdf\" aria-invalid=\"false\" type=\"file\" name=\"file-54\" \/><\/span>\n\t<\/p>\n<\/div>\n <!--\/ Button -->\n\n\n <!-- Button -->\n<div class=\"send-wrap\">\n\t<p><button type=\"submit\" class=\"button button-block\">Envoyer<\/button>\n\t<\/p>\n<\/div>\n <!--\/ Button --><div class=\"wpcf7-response-output\" aria-hidden=\"true\"><\/div>\n<\/form>\n<\/div>\n<\/div>\n\t\t\t\t<\/div>\n\t\t\t\t<\/div>\n\t\t\t\t\t<\/div>\n\t\t<\/div>\n\t\t\t\t\t<\/div>\n\t\t<\/section>\n\t\t\t\t\t<\/div>\n\t\t<\/div>\n\t\t\t\t\t<\/div>\n\t\t<\/section>\n\t\t<div class=\"elementor-element elementor-element-4bd98ba wrapper-wide section-normal e-flex e-con-boxed default e-con e-parent\" data-id=\"4bd98ba\" data-element_type=\"container\">\n\t\t\t\t\t<div class=\"e-con-inner\">\n\t\t\t\t<div class=\"elementor-element elementor-element-7d7a6bb elementor-widget elementor-widget-naylacircletext\" data-id=\"7d7a6bb\" data-element_type=\"widget\" data-widget_type=\"naylacircletext.default\">\n\t\t\t\t<div class=\"elementor-widget-container\">\n\t\t\t\n<div class=\"nayla-circular-text   \" data-duration=20 data-height=150 >\n\n    <div class=\"circular-text-wrap\">\n\n        <div class=\"circular-text-content\">\n\n            <div class=\"circle-text\"> le studio <\/div>\n\n\n            \n\n        <\/div>\n\n    <\/div>\n\n\n    <div class='circular-text-icon'><a href=\"https:\/\/lestudiosb.com\/index.php\/le-studio\/\" rel=\"nofollow\"><i aria-hidden=\"true\" class=\"material-icons md-circle\" data-md-icon=\"circle\"><\/i><\/a><\/div>\n<\/div>\n\n\t\t<\/div>\n\t\t\t\t<\/div>\n\t\t\t\t\t<\/div>\n\t\t\t\t<\/div>\n\t\t\t\t<\/div>\n\t\t","protected":false},"excerpt":{"rendered":"<p>CONTACT contact@lestudiosb.com +33 1 58 60 20 80 Paris 2 rue des Couronnes, 75020 Paris Nantes 32 rue de Strasbourg, 44000 Nantes Pour une candidature ou pour un sujet presse, [&hellip;]<\/p>\n","protected":false},"author":1,"featured_media":0,"parent":0,"menu_order":0,"comment_status":"closed","ping_status":"closed","template":"","meta":{"_acf_changed":false,"footnotes":""},"class_list":["post-3285","page","type-page","status-publish","hentry"],"acf":[],"yoast_head":"<!-- This site is optimized with the Yoast SEO plugin v23.1 - https:\/\/yoast.com\/wordpress\/plugins\/seo\/ -->\n<title>Contact - Le studio Sanna Bald\u00e9<\/title>\n<meta name=\"description\" content=\"Le Studio Sanna Bald\u00e9 is located in Paris and Nantes. Write to us or call us for any application or press subject.\" \/>\n<meta name=\"robots\" content=\"index, follow, max-snippet:-1, max-image-preview:large, max-video-preview:-1\" \/>\n<link rel=\"canonical\" href=\"https:\/\/lestudiosb.com\/index.php\/contact\/\" \/>\n<meta property=\"og:locale\" content=\"fr_FR\" \/>\n<meta property=\"og:type\" content=\"article\" \/>\n<meta property=\"og:title\" content=\"Contact - Le studio Sanna Bald\u00e9\" \/>\n<meta property=\"og:description\" content=\"Le Studio Sanna Bald\u00e9 is located in Paris and Nantes. Write to us or call us for any application or press subject.\" \/>\n<meta property=\"og:url\" content=\"https:\/\/lestudiosb.com\/index.php\/contact\/\" \/>\n<meta property=\"og:site_name\" content=\"Le studio Sanna Bald\u00e9\" \/>\n<meta property=\"article:modified_time\" content=\"2025-01-08T13:45:25+00:00\" \/>\n<meta name=\"twitter:card\" content=\"summary_large_image\" \/>\n<meta name=\"twitter:label1\" content=\"Dur\u00e9e de lecture estim\u00e9e\" \/>\n\t<meta name=\"twitter:data1\" content=\"1 minute\" \/>\n<script type=\"application\/ld+json\" class=\"yoast-schema-graph\">{\"@context\":\"https:\/\/schema.org\",\"@graph\":[{\"@type\":\"WebPage\",\"@id\":\"https:\/\/lestudiosb.com\/index.php\/contact\/\",\"url\":\"https:\/\/lestudiosb.com\/index.php\/contact\/\",\"name\":\"Contact - Le studio Sanna Bald\u00e9\",\"isPartOf\":{\"@id\":\"https:\/\/lestudiosb.com\/#website\"},\"datePublished\":\"2023-08-21T10:23:25+00:00\",\"dateModified\":\"2025-01-08T13:45:25+00:00\",\"description\":\"Le Studio Sanna Bald\u00e9 is located in Paris and Nantes. Write to us or call us for any application or press subject.\",\"breadcrumb\":{\"@id\":\"https:\/\/lestudiosb.com\/index.php\/contact\/#breadcrumb\"},\"inLanguage\":\"fr-FR\",\"potentialAction\":[{\"@type\":\"ReadAction\",\"target\":[\"https:\/\/lestudiosb.com\/index.php\/contact\/\"]}]},{\"@type\":\"BreadcrumbList\",\"@id\":\"https:\/\/lestudiosb.com\/index.php\/contact\/#breadcrumb\",\"itemListElement\":[{\"@type\":\"ListItem\",\"position\":1,\"name\":\"Accueil\",\"item\":\"https:\/\/lestudiosb.com\/\"},{\"@type\":\"ListItem\",\"position\":2,\"name\":\"Contact\"}]},{\"@type\":\"WebSite\",\"@id\":\"https:\/\/lestudiosb.com\/#website\",\"url\":\"https:\/\/lestudiosb.com\/\",\"name\":\"Le studio Sanna Bald\u00e9\",\"description\":\"architecture, urbanisme, design\",\"publisher\":{\"@id\":\"https:\/\/lestudiosb.com\/#organization\"},\"potentialAction\":[{\"@type\":\"SearchAction\",\"target\":{\"@type\":\"EntryPoint\",\"urlTemplate\":\"https:\/\/lestudiosb.com\/?s={search_term_string}\"},\"query-input\":\"required name=search_term_string\"}],\"inLanguage\":\"fr-FR\"},{\"@type\":\"Organization\",\"@id\":\"https:\/\/lestudiosb.com\/#organization\",\"name\":\"Le studio Sanna Bald\u00e9\",\"url\":\"https:\/\/lestudiosb.com\/\",\"logo\":{\"@type\":\"ImageObject\",\"inLanguage\":\"fr-FR\",\"@id\":\"https:\/\/lestudiosb.com\/#\/schema\/logo\/image\/\",\"url\":\"https:\/\/lestudiosb.com\/wp-content\/uploads\/2024\/01\/190113_LOGOS_Plan-de-travail-1.png\",\"contentUrl\":\"https:\/\/lestudiosb.com\/wp-content\/uploads\/2024\/01\/190113_LOGOS_Plan-de-travail-1.png\",\"width\":4463,\"height\":1598,\"caption\":\"Le studio Sanna Bald\u00e9\"},\"image\":{\"@id\":\"https:\/\/lestudiosb.com\/#\/schema\/logo\/image\/\"},\"sameAs\":[\"https:\/\/www.instagram.com\/lestudiosannabalde\/\"]}]}<\/script>\n<!-- \/ Yoast SEO plugin. -->","yoast_head_json":{"title":"Contact - Le studio Sanna Bald\u00e9","description":"Le Studio Sanna Bald\u00e9 is located in Paris and Nantes. Write to us or call us for any application or press subject.","robots":{"index":"index","follow":"follow","max-snippet":"max-snippet:-1","max-image-preview":"max-image-preview:large","max-video-preview":"max-video-preview:-1"},"canonical":"https:\/\/lestudiosb.com\/index.php\/contact\/","og_locale":"fr_FR","og_type":"article","og_title":"Contact - Le studio Sanna Bald\u00e9","og_description":"Le Studio Sanna Bald\u00e9 is located in Paris and Nantes. Write to us or call us for any application or press subject.","og_url":"https:\/\/lestudiosb.com\/index.php\/contact\/","og_site_name":"Le studio Sanna Bald\u00e9","article_modified_time":"2025-01-08T13:45:25+00:00","twitter_card":"summary_large_image","twitter_misc":{"Dur\u00e9e de lecture estim\u00e9e":"1 minute"},"schema":{"@context":"https:\/\/schema.org","@graph":[{"@type":"WebPage","@id":"https:\/\/lestudiosb.com\/index.php\/contact\/","url":"https:\/\/lestudiosb.com\/index.php\/contact\/","name":"Contact - Le studio Sanna Bald\u00e9","isPartOf":{"@id":"https:\/\/lestudiosb.com\/#website"},"datePublished":"2023-08-21T10:23:25+00:00","dateModified":"2025-01-08T13:45:25+00:00","description":"Le Studio Sanna Bald\u00e9 is located in Paris and Nantes. Write to us or call us for any application or press subject.","breadcrumb":{"@id":"https:\/\/lestudiosb.com\/index.php\/contact\/#breadcrumb"},"inLanguage":"fr-FR","potentialAction":[{"@type":"ReadAction","target":["https:\/\/lestudiosb.com\/index.php\/contact\/"]}]},{"@type":"BreadcrumbList","@id":"https:\/\/lestudiosb.com\/index.php\/contact\/#breadcrumb","itemListElement":[{"@type":"ListItem","position":1,"name":"Accueil","item":"https:\/\/lestudiosb.com\/"},{"@type":"ListItem","position":2,"name":"Contact"}]},{"@type":"WebSite","@id":"https:\/\/lestudiosb.com\/#website","url":"https:\/\/lestudiosb.com\/","name":"Le studio Sanna Bald\u00e9","description":"architecture, urbanisme, design","publisher":{"@id":"https:\/\/lestudiosb.com\/#organization"},"potentialAction":[{"@type":"SearchAction","target":{"@type":"EntryPoint","urlTemplate":"https:\/\/lestudiosb.com\/?s={search_term_string}"},"query-input":"required name=search_term_string"}],"inLanguage":"fr-FR"},{"@type":"Organization","@id":"https:\/\/lestudiosb.com\/#organization","name":"Le studio Sanna Bald\u00e9","url":"https:\/\/lestudiosb.com\/","logo":{"@type":"ImageObject","inLanguage":"fr-FR","@id":"https:\/\/lestudiosb.com\/#\/schema\/logo\/image\/","url":"https:\/\/lestudiosb.com\/wp-content\/uploads\/2024\/01\/190113_LOGOS_Plan-de-travail-1.png","contentUrl":"https:\/\/lestudiosb.com\/wp-content\/uploads\/2024\/01\/190113_LOGOS_Plan-de-travail-1.png","width":4463,"height":1598,"caption":"Le studio Sanna Bald\u00e9"},"image":{"@id":"https:\/\/lestudiosb.com\/#\/schema\/logo\/image\/"},"sameAs":["https:\/\/www.instagram.com\/lestudiosannabalde\/"]}]}},"jetpack_sharing_enabled":true,"_links":{"self":[{"href":"https:\/\/lestudiosb.com\/index.php\/wp-json\/wp\/v2\/pages\/3285","targetHints":{"allow":["GET"]}}],"collection":[{"href":"https:\/\/lestudiosb.com\/index.php\/wp-json\/wp\/v2\/pages"}],"about":[{"href":"https:\/\/lestudiosb.com\/index.php\/wp-json\/wp\/v2\/types\/page"}],"author":[{"embeddable":true,"href":"https:\/\/lestudiosb.com\/index.php\/wp-json\/wp\/v2\/users\/1"}],"replies":[{"embeddable":true,"href":"https:\/\/lestudiosb.com\/index.php\/wp-json\/wp\/v2\/comments?post=3285"}],"version-history":[{"count":5,"href":"https:\/\/lestudiosb.com\/index.php\/wp-json\/wp\/v2\/pages\/3285\/revisions"}],"predecessor-version":[{"id":12966,"href":"https:\/\/lestudiosb.com\/index.php\/wp-json\/wp\/v2\/pages\/3285\/revisions\/12966"}],"wp:attachment":[{"href":"https:\/\/lestudiosb.com\/index.php\/wp-json\/wp\/v2\/media?parent=3285"}],"curies":[{"name":"wp","href":"https:\/\/api.w.org\/{rel}","templated":true}]}}